 721882823 a prime number?
False
Is 6125275441 prime?
True
Is 21910688381 a composite number?
False
Is 1176301433 composite?
False
Is 3757907873 composite?
False
Is 56516589067 a composite number?
False
Is 59513977841 prime?
False
Is 2208666787 a prime number?
False
Is 76395723731 prime?
False
Is 8483506621 a prime number?
False
Is 274004579 composite?
False
Is 165647833597 composite?
False
Is 875819803 a prime number?
True
Is 60100421 composite?
False
Is 863773507 a prime number?
True
Is 185951827 a prime number?
True
Is 4727791963 composite?
False
Is 75430011427 a prime number?
False
Is 631694837 a prime number?
True
Is 215148943 a composite number?
False
Is 1123526851 a prime number?
False
Is 234595327 a composite number?
True
Is 997378337 composite?
False
Is 4322585591 a prime number?
False
Is 26570358823 a composite number?
True
Is 5758819771 composite?
True
Is 114275987357 composite?
True
Is 64554178397 prime?
False
Is 1894439303 prime?
True
Is 948445103 a prime number?
False
Is 38093421903 a composite number?
True
Is 52306381901 a prime number?
True
Is 256442519 composite?
False
Is 7952431421 a prime number?
False
Is 1706767457 composite?
True
Is 7853036263 a prime number?
True
Is 22696943 a composite number?
True
Is 15698069923 a composite number?
True
Is 18430175411 a composite number?
False
Is 59701051273 a prime number?
True
Is 2530609927 a prime number?
False
Is 9741513071 a prime number?
True
Is 2094200413 a composite number?
True
Is 5218489469 prime?
True
Is 1587249551 prime?
False
Is 724675353 a composite number?
True
Is 30067461439 prime?
False
Is 3417036977 a composite number?
False
Is 15644317273 composite?
True
Is 712420459 a prime number?
False
Is 95737628839 prime?
True
Is 414455713 a prime number?
False
Is 445455687 composite?
True
Is 9378533297 a prime number?
False
Is 29467506631 prime?
False
Is 146923969 a composite number?
False
Is 2555080859 a prime number?
True
Is 1421093969 a prime number?
False
Is 16397343857 a prime number?
True
Is 485862989 a prime number?
False
Is 1601511683 a prime number?
True
Is 70438237 a composite number?
True
Is 99035935 a prime number?
False
Is 8711397379 a composite number?
True
Is 474700139 a prime number?
False
Is 1704275921 a composite number?
False
Is 14083074919 a prime number?
True
Is 1293651427 prime?
False
Is 51422648995 a prime number?
False
Is 3433819673 a prime number?
False
Is 719331871 a composite number?
True
Is 6651852737 a composite number?
False
Is 1613123741 a prime number?
False
Is 147296365361 a prime number?
True
Is 730495169 prime?
False
Is 71306543545 a composite number?
True
Is 21175977817 a prime number?
True
Is 1376379773 a composite number?
False
Is 1073775203 a composite number?
False
Is 12149841491 prime?
True
Is 29571499 a composite number?
True
Is 11060555257 a prime number?
True
Is 10808123483 composite?
True
Is 16413740323 composite?
False
Is 58086448327 prime?
True
Is 11385294337 composite?
False
Is 7637121223 prime?
False
Is 9766650053 composite?
True
Is 1919150491 a prime number?
True
Is 8202822701 composite?
False
Is 4148054957 composite?
False
Is 451016701 prime?
True
Is 218301059 a composite number?
True
Is 48822006509 prime?
True
Is 11316156851 composite?
True
Is 2850476851 a composite number?
False
Is 10376775914 a composite number?
True
Is 12120514169 prime?
False
Is 1363513609 composite?
True
Is 423453385 a composite number?
True
Is 650326139 a prime number?
True
Is 17124679909 a prime number?
True
Is 70908961 composite?
False
Is 252506139335 prime?
False
Is 1281445927 a prime number?
True
Is 12507083177 prime?
False
Is 727708519 prime?
False
Is 4681817579 a prime number?
True
Is 59373041669 a prime number?
True
Is 170394271 composite?
False
Is 4386790729 prime?
False
Is 5903957413 composite?
False
Is 10136757782 prime?
False
Is 6007755419 prime?
True
Is 11616143657 prime?
False
Is 40458576761 composite?
False
Is 23618308387 a composite number?
False
Is 11007564251 a composite number?
False
Is 83894067287 composite?
True
Is 1064103133 composite?
True
Is 16441657579 composite?
False
Is 70488581123 composite?
False
Is 9391865783 prime?
False
Is 136216637671 prime?
True
Is 369545021 prime?
True
Is 1778513053 composite?
False
Is 28634972017 a prime number?
True
Is 4568703351 a prime number?
False
Is 20793417523 a prime number?
False
Is 5343489023 composite?
False
Is 10893345443 a prime number?
False
Is 42117469 composite?
False
Is 1111451101 prime?
True
Is 100154174647 a prime number?
True
Is 2616719123 a composite number?
True
Is 7796831059 a composite number?
False
Is 43137388451 a prime number?
False
Is 1486088459 prime?
True
Is 17421641539 a composite number?
False
Is 47770286601 a prime number?
False
Is 208056797 prime?
False
Is 26425418431 a composite number?
True
Is 1652360953 composite?
True
Is 1098636599 a prime number?
True
Is 25023711751 composite?
False
Is 56123159 composite?
False
Is 17223328009 a composite number?
True
Is 13190779129 a composite number?
True
Is 1163524499 a composite number?
True
Is 58928503871 composite?
True
Is 977419873 a composite number?
False
Is 282174023 prime?
False
Is 225411527 composite?
True
Is 6999133993 a prime number?
True
Is 203037395687 composite?
True
Is 6468678731 composite?
False
Is 13773077783 composite?
False
Is 183103313 composite?
False
Is 1036901291 prime?
True
Is 6852602713 composite?
True
Is 180391457 composite?
True
Is 3952842695 composite?
True
Is 506521409 composite?
True
Is 2334688927 prime?
False
Is 2986597997 prime?
False
Is 516146873 composite?
True
Is 4432575293 composite?
False
Is 47225044117 a prime number?
True
Is 4603328087 composite?
False
Is 175232153 a composite number?
False
Is 1569886589 a prime number?
True
Is 58780846409 a prime number?
False
Is 7583943877 a prime number?
True
Is 12376396319 a composite number?
True
Is 1313084683 composite?
False
Is 2778776459 a prime number?
False
Is 924174173 a composite number?
True
Is 5356264519 a composite number?
False
Is 488515273 prime?
False
Is 127397837 a composite number?
True
Is 36743531861 a composite number?
False
Is 1141298657 a prime number?
True
Is 1020453383 a composite number?
True
Is 24794111 composite?
False
Is 12302297981 a composite number?
False
Is 154903424801 composite?
True
Is 10059773201 composite?
False
Is 4419511619 prime?
True
Is 993397801 composite?
True
Is 2190595285 composite?
True
Is 149098109 composite?
True
Is 36412734049 a prime number?
True
Is 235222193 prime?
False
Is 1036791377 composite?
True
Is 4204777879 prime?
True
Is 1997560561 a prime number?
True
Is 10015971663 a composite number?
True
Is 17654929 a prime number?
True
Is 8419900201 prime?
False
Is 866303753 a prime number?
False
Is 2197768919 prime?
True
Is 58982275691 prime?
False
Is 1978659911 a composite number?
False
Is 642842749 a composite number?
True
Is 5318370991 prime?
False
Is 613616693 a prime number?
True
Is 32682126747 a prime number?
False
Is 529256369 composite?
False
Is 1907695369 a composite number?
True
Is 33511417063 prime?
True
Is 65913859 prime?
False
Is 41250701363 prime?
False
Is 4032385177 a composite number?
True
Is 27065347 a composite number?
False
Is 2180494441 a composite number?
True
Is 12451036883 a prime number?
True
Is 33368402545 composite?
True
Is 3083762483 composite?
True
Is 1030067141 a prime number?
True
Is 24376935671 a prime number?
False
Is 293940147 a prime number?
False
Is 92484521 a composite number?
False
Is 5550289399 prime?
False
Is 556168211 prime?
True
Is 1134604297 composite?
True
Is 448469549 a composite number?
True
Is 4404212987 a composite number?
False
Is 1701892867 a prime number?
True
Is 65583811061 a composite number?
False
Is 7231831793 prime?
False
Is 220522492951 a composite number?
False
Is 130937586061 a prime number?
False
Is 1094479159 composite?
True
Is 19908535121 a prime number?
True
Is 163568066 a prime number?
False
Is 2172251435 composite?
True
Is 13885413299 a composite number?
False
Is 5648154653 a composite number?
True
Is 210637241 a composite number?
True
Is 4605408131 a composite number?
False
Is 4116128683 composite?
False
Is 6481916227 a composite number?
False
Is 454245703 a composite number?
True
Is 10374943801 prime?
True
Is 1117095409 composite?
True
Is 1